t is the remainder when 1725 is divided by 13?
9
What is the remainder when 3975 is divided by 60?
15
What is the remainder when 93 is divided by 51?
42
Calculate the remainder when 372 is divided by 25.
22
Calculate the remainder when 397 is divided by 198.
1
What is the remainder when 20773 is divided by 424?
421
What is the remainder when 57 is divided by 40?
17
What is the remainder when 38 is divided by 6?
2
What is the remainder when 436 is divided by 137?
25
What is the remainder when 4946 is divided by 97?
96
Calculate the remainder when 1613 is divided by 17.
15
What is the remainder when 322 is divided by 19?
18
What is the remainder when 23 is divided by 13?
10
What is the remainder when 130 is divided by 52?
26
Calculate the remainder when 356 is divided by 24.
20
Calculate the remainder when 370 is divided by 12.
10
Calculate the remainder when 65 is divided by 11.
10
Calculate the remainder when 65 is divided by 21.
2
Calculate the remainder when 353 is divided by 89.
86
What is the remainder when 712 is divided by 23?
22
Calculate the remainder when 2730 is divided by 303.
3
Calculate the remainder when 487 is divided by 70.
67
Calculate the remainder when 323 is divided by 9.
8
Calculate the remainder when 28 is divided by 17.
11
What is the remainder when 68 is divided by 1?
0
Calculate the remainder when 402 is divided by 12.
6
Calculate the remainder when 312 is divided by 112.
88
What is the remainder when 23 is divided by 17?
6
What is the remainder when 3222 is divided by 43?
40
Calculate the remainder when 1366 is divided by 1323.
43
Calculate the remainder when 78 is divided by 26.
0
What is the remainder when 959 is divided by 64?
63
Calculate the remainder when 940 is divided by 17.
5
Calculate the remainder when 256 is divided by 86.
84
What is the remainder when 334 is divided by 5?
4
Calculate the remainder when 285 is divided by 58.
53
Calculate the remainder when 457 is divided by 42.
37
Calculate the remainder when 39120 is divided by 81.
78
Calculate the remainder when 951 is divided by 18.
15
What is the remainder when 389 is divided by 166?
57
What is the remainder when 1627 is divided by 326?
323
What is the remainder when 893 is divided by 39?
35
What is the remainder when 168 is divided by 34?
32
Calculate the remainder when 108 is divided by 12.
0
Calculate the remainder when 490 is divided by 25.
15
What is the remainder when 804 is divided by 54?
48
Calculate the remainder when 802 is divided by 15.
7
Calculate the remainder when 82 is divided by 22.
16
Calculate the remainder when 586 is divided by 52.
14
Calculate the remainder when 1114 is divided by 222.
4
What is the remainder when 741 is divided by 7?
6
What is the remainder when 146 is divided by 102?
44
What is the remainder when 29606 is divided by 141?
137
Calculate the remainder when 1487 is divided by 729.
29
Calculate the remainder when 1688 is divided by 89.
86
Calculate the remainder when 147 is divided by 107.
40
What is the remainder when 1083 is divided by 144?
75
Calculate the remainder when 1801 is divided by 360.
1
Calculate the remainder when 13391 is divided by 24.
23
Calculate the remainder when 156 is divided by 25.
6
Calculate the remainder when 204 is divided by 39.
9
What is the remainder when 62 is divided by 5?
2
What is the remainder when 487 is divided by 176?
135
What is the remainder when 94 is divided by 3?
1
Calculate the remainder when 204 is divided by 15.
9
Calculate the remainder when 8104 is divided by 53.
48
Calculate the remainder when 1521 is divided by 12.
9
Calculate the remainder when 198 is divided by 46.
14
Calculate the remainder when 220 is divided by 85.
50
Calculate the remainder when 1412 is divided by 135.
62
Calculate the remainder when 326 is divided by 40.
6
Calculate the remainder when 314 is divided by 99.
17
Calculate the remainder when 197 is divided by 25.
22
Calculate the remainder when 12507 is divided by 45.
42
Calculate the remainder when 858 is divided by 41.
38
Calculate the remainder when 295 is divided by 101.
93
What is the remainder when 553 is divided by 276?
1
What is the remainder when 553 is divided by 57?
40
What is the remainder when 118 is divided by 42?
34
Calculate the remainder when 69 is divided by 61.
8
Calculate the remainder when 53 is divided by 48.
5
Calculate the remainder when 79 is divided by 21.
16
Calculate the remainder when 154 is divided by 39.
37
What is the remainder when 512 is divided by 121?
28
Calculate the remainder when 3909 is divided by 15.
9
Calculate the remainder when 482 is divided by 118.
10
What is the remainder when 29 is divided by 12?
5
What is the remainder when 539 is divided by 68?
63
Calculate the remainder when 269 is divided by 39.
35
Calculate the remainder when 1218 is divided by 49.
42
What is the remainder when 278 is divided by 94?
90
What is the remainder when 2064 is divided by 55?
29
Calculate the remainder when 593 is divided by 242.
109
What is the remainder when 94 is divided by 17?
9
What is the remainder when 457 is divided by 109?
21
Calculate the remainder when 182 is divided by 56.
14
What is the remainder when 175 is divided by 33?
10
What is the remainder when 699 is divided by 18?
15
Calculate the remainder when 256 is divided by 93.
70
What is the remainder when 486 is divided by 20?
6
Calculate the remainder when 55 is divided by 18.
1
Calculate the remainder when 2600 is divided by 51.
50
Calculate the remainder when 955 is divided by 88.
75
What is the remainder when 1139 is divided by 11?
6
Calculate the remainder when 414 is divided by 48.
30
What is the remainder when 1086 is divided by 268?
14
What is the remainder when 202 is divided by 120?
82
What is the remainder when 17574 is divided by 31?
28
What is the remainder when 164 is divided by 43?
35
Calculate the remainder when 774 is divided by 153.
9
Calculate the remainder when 151 is divided by 56.
39
Calculate the remainder when 1228 is divided by 220.
128
Calculate the remainder when 776 is divided by 30.
26
Calculate the remainder when 189 is divided by 58.
15
Calculate the remainder when 171 is divided by 76.
19
Calculate the remainder when 174 is divided by 18.
12
Calculate the remainder when 1899 is divided by 50.
49
Calculate the remainder when 71 is divided by 2.
1
What is the remainder when 236 is divided by 45?
11
Calculate the remainder when 42 is divided by 25.
17
What is the remainder when 2137 is divided by 23?
21
Calculate the remainder when 227 is divided by 124.
103
Calculate the remainder when 10767 is divided by 6.
3
What is the remainder when 8443 is divided by 16?
11
What is the remainder when 209 is divided by 131?
78
Calculate the remainder when 21 is divided by 8.
5
Calculate the remainder when 1360 is divided by 275.
260
What is the remainder when 134 is divided by 27?
26
Calculate the remainder when 2696 is divided by 225.
221
Calculate the remainder when 310 is divided by 110.
90
Calculate the remainder when 48 is divided by 21.
6
Calculate the remainder when 304 is divided by 18.
16
What is the remainder when 21 is divided by 8?
5
What is the remainder when 30 is divided by 2?
0
Calculate the remainder when 13012 is divided by 27.
25
What is the remainder when 942 is divided by 12?
6
Calculate the remainder when 928 is divided by 15.
13
What is the remainder when 1529 is divided by 111?
86
Calculate the remainder when 369 is divided by 25.
19
Calculate the remainder when 383 is divided by 100.
83
Calculate the remainder when 74 is divided by 70.
4
What is the remainder when 3889 is divided by 66?
61
What is the remainder when 1045 is divided by 1037?
8
Calculate the remainder when 72 is divided by 27.
18
Calculate the remainder when 2545 is divided by 82.
3
What is the remainder when 382 is divided by 8?
6
What is the remainder when 54 is divided by 17?
3
What is the remainder when 14410 is divided by 16?
10
Calculate the remainder when 2006 is divided by 41.
38
What is the remainder when 2128 is divided by 214?
202
Calculate the remainder when 63 is divided by 9.
0
Calculate the remainder when 2802 is divided by 17.
14
What is the remainder when 577 is divided by 40?
17
What is the remainder when 509 is divided by 5?
4
